Calculate the remainder when 57873 is divided by 673.
668
What is the remainder when 637532 is divided by 14826?
14
Calculate the remainder when 9090 is divided by 26.
16
What is the remainder when 3696 is divided by 410?
6
Calculate the remainder when 7317 is divided by 3218.
881
Calculate the remainder when 80575 is divided by 474.
469
What is the remainder when 7287 is divided by 1804?
71
What is the remainder when 321487 is divided by 101?
4
Calculate the remainder when 3037 is divided by 106.
69
What is the remainder when 29181 is divided by 960?
381
Calculate the remainder when 75466 is divided by 44.
6
What is the remainder when 6643 is divided by 82?
1
Calculate the remainder when 770388 is divided by 254.
6
What is the remainder when 6014 is divided by 108?
74
Calculate the remainder when 12550 is divided by 177.
160
Calculate the remainder when 43745 is divided by 191.
6
Calculate the remainder when 31613 is divided by 1264.
13
Calculate the remainder when 80173 is divided by 31.
7
What is the remainder when 18096 is divided by 9048?
0
What is the remainder when 28616 is divided by 4741?
170
What is the remainder when 1506426 is divided by 19?
11
Calculate the remainder when 369754 is divided by 4250.
4
What is the remainder when 581 is divided by 356?
225
What is the remainder when 1547 is divided by 105?
77
Calculate the remainder when 124609 is divided by 1888.
1
What is the remainder when 65582 is divided by 1190?
132
What is the remainder when 2694 is divided by 302?
278
Calculate the remainder when 20599 is divided by 189.
187
What is the remainder when 1087 is divided by 347?
46
What is the remainder when 150158 is divided by 335?
78
What is the remainder when 103609 is divided by 20721?
4
What is the remainder when 8702 is divided by 1726?
72
What is the remainder when 23039 is divided by 28?
23
Calculate the remainder when 433575 is divided by 55.
10
What is the remainder when 22685 is divided by 11338?
9
What is the remainder when 586 is divided by 468?
118
Calculate the remainder when 7171 is divided by 101.
0
Calculate the remainder when 35865 is divided by 2561.
11
What is the remainder when 65822 is divided by 150?
122
What is the remainder when 815 is divided by 386?
43
Calculate the remainder when 21019 is divided by 467.
4
Calculate the remainder when 97 is divided by 70.
27
Calculate the remainder when 243329 is divided by 60825.
29
What is the remainder when 17360 is divided by 3705?
2540
Calculate the remainder when 112472 is divided by 24.
8
Calculate the remainder when 132924 is divided by 25.
24
What is the remainder when 10095 is divided by 324?
51
Calculate the remainder when 16784 is divided by 414.
224
Calculate the remainder when 437050 is divided by 231.
229
What is the remainder when 7483 is divided by 671?
102
What is the remainder when 463 is divided by 180?
103
Calculate the remainder when 844768 is divided by 6.
4
What is the remainder when 13564 is divided by 17?
15
Calculate the remainder when 2161 is divided by 791.
579
What is the remainder when 50356 is divided by 11?
9
What is the remainder when 4094 is divided by 1284?
242
What is the remainder when 647080 is divided by 34?
26
Calculate the remainder when 13641 is divided by 36.
33
Calculate the remainder when 165553 is divided by 3.
1
Calculate the remainder when 129377 is divided by 20.
17
Calculate the remainder when 538 is divided by 215.
108
Calculate the remainder when 5491 is divided by 272.
51
What is the remainder when 61526 is divided by 13?
10
Calculate the remainder when 4997 is divided by 354.
41
Calculate the remainder when 22817 is divided by 2533.
20
Calculate the remainder when 15289 is divided by 5094.
7
Calculate the remainder when 12565 is divided by 1047.
1
What is the remainder when 15500 is divided by 42?
2
What is the remainder when 2430 is divided by 152?
150
Calculate the remainder when 32619 is divided by 233.
232
Calculate the remainder when 16484 is divided by 98.
20
What is the remainder when 6570 is divided by 336?
186
What is the remainder when 5293 is divided by 1679?
256
What is the remainder when 18261 is divided by 522?
513
Calculate the remainder when 30463 is divided by 8.
7
Calculate the remainder when 726 is divided by 126.
96
What is the remainder when 9906 is divided by 1238?
2
Calculate the remainder when 47192 is divided by 9430.
42
What is the remainder when 34928 is divided by 1455?
8
Calculate the remainder when 3904198 is divided by 108.
106
Calculate the remainder when 25572 is divided by 8267.
771
What is the remainder when 509530 is divided by 12?
10
What is the remainder when 2113 is divided by 268?
237
Calculate the remainder when 15194 is divided by 55.
14
Calculate the remainder when 25910 is divided by 79.
77
What is the remainder when 103112 is divided by 102?
92
What is the remainder when 6981 is divided by 387?
15
What is the remainder when 1605 is divided by 1537?
68
What is the remainder when 882 is divided by 452?
430
What is the remainder when 276388 is divided by 166?
164
What is the remainder when 8306 is divided by 117?
116
What is the remainder when 21572 is divided by 1107?
539
What is the remainder when 2595 is divided by 77?
54
Calculate the remainder when 170980 is divided by 322.
320
What is the remainder when 72343 is divided by 1096?
7
What is the remainder when 56893 is divided by 717?
250
What is the remainder when 8137 is divided by 1355?
7
Calculate the remainder when 816964 is divided by 6.
4
What is the remainder when 1081235 is divided by 5?
0
What is the remainder when 5043 is divided by 238?
45
What is the remainder when 18479 is divided by 79?
72
Calculate the remainder when 24476 is divided by 266.
4
Calculate the remainder when 2225 is divided by 224.
209
What is the remainder when 66426 is divided by 7379?
15
What is the remainder when 1867 is divided by 443?
95
What is the remainder when 476 is divided by 439?
37
Calculate the remainder when 3268 is divided by 1087.
7
Calculate the remainder when 51023 is divided by 51012.
11
Calculate the remainder when 807431 is divided by 408.
407
What is the remainder when 411 is divided by 98?
19
Calculate the remainder when 459 is divided by 105.
39
Calculate the remainder when 14752 is divided by 145.
107
Calculate the remainder when 17090 is divided by 5683.
41
What is the remainder when 429981 is divided by 42?
27
Calculate the remainder when 74711 is divided by 132.
131
Calculate the remainder when 1295 is divided by 29.
19
What is the remainder when 19603 is divided by 3920?
3
What is the remainder when 4291 is divided by 139?
121
Calculate the remainder when 913834 is divided by 276.
274
What is the remainder when 66940 is divided by 73?
72
Calculate the remainder when 1056 is divided by 125.
56
Calculate the remainder when 19323 is divided by 153.
45
Calculate the remainder when 36075 is divided by 7185.
150
Calculate the remainder when 15897 is divided by 58.
5
What is the remainder when 42968 is divided by 60?
8
What is the remainder when 163529 is divided by 24?
17
Calculate the remainder when 36938 is divided by 1421.
1413
What is the remainder when 3504 is divided by 66?
6
Calculate the remainder when 339560 is divided by 161.
11
What is the remainder when 224071 is divided by 67?
23
Calculate the remainder when 10992 is divided by 909.
84
Calculate the remainder when 888619 is divided by 283.
282
What is the remainder when 36477 is divided by 18232?
13
What is the remainder when 15416 is divided by 13?
11
What is the remainder when 110540 is divided by 1514?
18
What is the remainder when 34320 is divided by 17147?
26
What is the remainder when 728 is divided by 180?
8
Calculate the remainder when 1263 is divided by 301.
59
Calculate the remainder when 2638576 is divided by 1319286.
4
Calculate the remainder when 7449 is divided by 1057.
50
Calculate the remainder when 4442 is divided by 4412.
30
What is the remainder when 59036 is divided by 350?
236
Calculate the remainder when 13717 is divided by 3299.
521
What is the remainder when 2539 is divided by 152?
107
What is the remainder when 367663 is divided by 252?
247
What is the remainder when 1768611 is divided by 41?
35
Calculate the remainder whe